 - 1. Let j(n) = n**3 - n**2 - n - 1. Let o be j(2). Let h be ((-1)/2)/(o/8). Calculate g(h).
-1
Let p(i) = i + 22. Suppose -4*u + 2*u = -5*u. Give p(u).
22
Let c(i) be the third derivative of i**6/120 - 3*i**5/20 - i**4/12 + 11*i**3/6 + 2*i**2. What is c(9)?
-7
Let w(i) = -i**2 - 4*i - 1. Suppose 20 = f - 6*f. Give w(f).
-1
Let o(m) = -m**2 + 3*m - 2. Let z(s) be the second derivative of 5*s**4/12 - s**3/6 - 2*s. Let j be z(1). What is o(j)?
-6
Let d(h) = -2*h**2 + 6*h - 2. Let i be 8 + 0 + 16/(-4). Give d(i).
-10
Let p(f) = 5*f**2 + 2*f + 1. Suppose 0 = -3*n - 5*r - 141, 5*n + 3*r + 0*r = -251. Let k be 8/n + 134/26. Suppose 6*b = b - k. Give p(b).
4
Let w(t) = -3*t + 26. Let y be w(9). Let i(c) = -c**2 + 1. Give i(y).
0
Let u(o) be the first derivative of o**4/12 + 5*o**3/6 - o**2/2 - 3*o + 4. Let n(k) be the first derivative of u(k). Give n(-5).
-1
Let r be ((-8)/6)/(28/(-147)). Let m(c) = -c + 10. Calculate m(r).
3
Let c = 6 - 1. Suppose 4 = -c*l + 9. Let n(h) = 6*h**2 + h. Determine n(l).
7
Let l(r) = -r**2 + 4*r + 1. Let c = -99 - -104. Give l(c).
-4
Let a(d) = -4*d + 4. Let p(x) = -7*x + 7. Let j(s) = 10*a(s) - 6*p(s). Give j(6).
10
Let u(s) be the third derivative of -s**5/10 + s**4/24 + s**3/6 - s**2. Let a(k) = -k**2 + k - 1. Let o be a(1). Give u(o).
-6
Let m(i) = 2*i**2 - 4*i - 1. Let v(j) be the third derivative of -j**6/120 - j**5/10 - j**4/4 - j**3/3 - 10*j**2. Let z be v(-5). Calculate m(z).
5
Let f(u) = -2*u**2 - 3*u + 1. Suppose -10 = -v - 3*g + 2, -v - 2*g + 7 = 0. Give f(v).
-8
Let c(i) = -i**3 + 9*i**2 - 8*i + 2. Let w be c(8). Let j(v) = v**2 + 1. Let y(z) = 8*z**2 - 2*z + 7. Let o(d) = 6*j(d) - y(d). What is o(w)?
-5
Let o(t) = t**3 + 4*t**2 + 4. Suppose 3*v - 3 - 5 = 4*p, 0 = -5*v - 4*p - 40. Give o(v).
4
Let p(a) = a + 2. Let j(r) = r - 13. Let m be j(-9). Let c = -12 - m. Suppose 0*k + c = -2*k. What is p(k)?
-3
Let x(g) = -5 + 1 + 3*g**2 - 4*g**2 - 8*g. Calculate x(-8).
-4
Let z be -5*(1 - 2)/1. Let p(i) = i**2 - 5*i + 2. Let y be p(z). Let k(c) = -2*c**3 + 2*c**2 + c. Give k(y).
-6
Let h(u) = -4*u + 23. Let w be h(4). Let v(g) = -g**3 + 6*g**2 + 7*g - 8. Calculate v(w).
-8
Let z(d) = d**2 + 3*d + 4. Suppose 0*w + 4*i + 12 = -w, 0 = -5*w + 3*i + 32. Let r(y) = -4 + 2*y**3 - 7*y**2 - y**3 + 3*y**2. Let j be r(w). Calculate z(j).
8
Let f(o) = o**2 - 2*o + 1. Let b = 29 + -27. Calculate f(b).
1
Let r(z) = -4*z**2 - 4*z + 5. Let o(w) = -w**2 - w + 1. Let y(s) = -9*o(s) + 2*r(s). Calculate y(2).
7
Let q(r) = -2*r**2 + r + 2. Suppose -3*g = -13*g - 20. Calculate q(g).
-8
Let q(r) = -r - 7. Suppose -3*y = -8*y - 30. Let g be q(y). Let m(i) = -5*i**3 + i + 1. What is m(g)?
5
Let q(u) = -u**3 - u - 4. Let d(m) = m - 1. Let f(x) = -x**2 - 3*x - 9. Let s(o) = -3*d(o) + f(o). Let l be s(-4). Suppose l*w = w. What is q(w)?
-4
Let y(x) = x**3 + 3*x**2 + x + 4. Let t be y(-3). Let a = t - -1. Let g(b) be the first derivative of -b**2/2 - 2*b + 6. Calculate g(a).
-4
Suppose 2 = 2*z + 4*u + 10, 0 = -3*z - u - 2. Let l(d) be the third derivative of -d**4/24 - d**3/6 + 2*d**2. What is l(z)?
-1
Let w(n) be the third derivative of n**6/120 - n**5/60 - n**3/3 - n**2. Suppose -52*p = -55*p. Determine w(p).
-2
Let x be -4 + (-5)/(-600) - -4. Let v(g) be the third derivative of -g**2 - 1/2*g**3 + 0*g + 1/30*g**5 - x*g**6 + 1/12*g**4 + 0. Give v(2).
1
Suppose -14*y + 11*y - 15 = 0. Let c(f) = f**2 + 3*f - 6. What is c(y)?
4
Let o(y) = -3*y - 4. Suppose -4*w + 5 + 3 = 0. Suppose -k = -4*g - 5, -3*k + g + 15 = -w*g. Suppose 17 = -6*z + z + a, -k*a = -10. Determine o(z).
5
Suppose -4*r + 2*r = 10. Let j(q) = -q**2 - 6*q + 5. Determine j(r).
10
Let w be 9/(-27) - (-56)/(-3). Let j = w + 22. Let f(t) be the third derivative of -t**6/120 + t**5/20 + t**4/8 - t**3/3 - t**2. Give f(j).
7
Let b(f) be the third derivative of f**6/120 + f**5/60 + f**4/8 + f**3/3 - 48*f**2. Give b(-2).
-8
Let g(k) = k + 7. Let m be g(-10). Let c(q) = 3*q**2 - 10*q + 6*q + q**3 - 1 + 4*q. Calculate c(m).
-1
Let q be -2*(-18)/48 + (-3)/4. Let a(v) be the second derivative of 1/6*v**3 - 4*v + q - 1/2*v**2. Calculate a(0).
-1
Let v(r) = r**3 - 1. Suppose 0 = 3*j + 2*p - 0*p - 108, 2*j + 3*p - 72 = 0. Let l be (-3)/((j/8)/(-3)). Determine v(l).
7
Let k(o) = -2*o**3 - o**2 - 2*o + 16. Let v(t) = -t**3 - t + 8. Let d(z) = -6*k(z) + 13*v(z). Determine d(6).
2
Let b = -2 - 8. Let c be (b/6)/(-5)*6. Let g be 4 - c - (0 + -2). Let d(j) = -j**3 + 4*j**2 - j + 2. Determine d(g).
-2
Let y(o) = 13 + 12 + o - 6 - 2. What is y(-7)?
10
Let z(f) = -5*f + 3. Let v(g) = -35*g + 20. Let n(w) = -3*v(w) + 20*z(w). Give n(-2).
-10
Let l(w) be the third derivative of w**5/60 + w**4/12 - w**3/6 + w**2. Suppose 2*p + 3*j - 14 = j, 5*p - 20 = -2*j. Calculate l(p).
7
Let a(b) = -3*b - 6*b**2 - 4 - 160*b**3 + 159*b**3 + 9*b. What is a(-7)?
3
Suppose 0*o = 5*o - 10. Let t(q) = 1 - 3 - q**o - 2 - 4*q. Let x(v) = -v**3 + 9*v**2 + v - 12. Let n be x(9). Calculate t(n).
-1
Let w be (-2 - 8/(-3))/((-2)/9). Let u(p) = -p**2 - 5*p - 4. What is u(w)?
2
Let n(x) = -x**2 - x. Let m(l) = -5*l**2 - 9*l + 8. Let i(j) = -m(j) + 4*n(j). Give i(-6).
-2
Suppose -3*n = -3*q + 2*q - 69, -3*q - 119 = -5*n. Let o be (n/(-6) - -3)*3. Let c(r) = -3*r - 1. Give c(o).
5
Let c = -1 - 0. Let y = c - -5. Suppose y = 5*s - 11. Let d(i) = i**3 - 2*i**2. Give d(s).
9
Let p(h) = -h**3 - 6*h**2 + 4. Let t be 28/(-7) + -2*1. Give p(t).
4
Let u(n) be the second derivative of 1/24*n**4 + 0 + n**2 + 1/6*n**3 + n. Let s(a) be the first derivative of u(a). Determine s(5).
6
Let y(a) be the second derivative of a**4/12 + 5*a**3/6 - 5*a**2/2 + 42*a. Let i = -4 - 1. Give y(i).
-5
Let f(r) = -r - 8. Let m be 7 + 4 + -3 + -1. Give f(m).
-15
Suppose -5*s = 2*w - 0*w + 6, -41 = -3*w + 5*s. Suppose w = 3*o - 5. Let z(k) = -k**2 + 7*k - 5. Let i(h) = h. Let x(c) = 2*i(c) - z(c). Give x(o).
1
Let n(v) be the second derivative of v**4/12 + 7*v**3/3 + v**2/2 - 27*v. Determine n(-14).
1
Let g(k) = -k**2 - k. Let v be 40/18 + (-2)/9. Let w be (v*1)/(14/21). Suppose -11 = 3*b - b - w*q, q - 11 = -3*b. What is g(b)?
-6
Let u = 11 + 10. Suppose -u = -3*l - 2*y, l + 5*y - 19 - 1 = 0. Let h(z) be the second derivative of z**4/12 - z**3/2 - 2*z**2 + z. Give h(l).
6
Let h = 1 - 1. Suppose h = -5*u - 18 - 7. Let p(z) = z**3 - z. Let l(v) = -4*v**3 + 3*v**2 + 6*v + 1. Let t(q) = u*p(q) - l(q). Determine t(-2).
-3
Let d(v) be the second derivative of -v**3/6 + 2*v**2 - 15*v. Calculate d(-5).
9
Let r(h) be the first derivative of 1/3*h**3 + 2*h**2 + 1 + 0*h. Determine r(-5).
5
Let g = 34 - 19. Suppose s - 4*s + g = 0. Let n(i) = -i**2 + 5*i + 5. Determine n(s).
5
Let y(t) = t - 5. Suppose 2*g + 4*p = 26, 2*p - 18 - 2 = -2*g. Let l be y(g). Let f(d) = 1 - 8*d**2 + 5*d**l + 0. What is f(1)?
-2
Suppose -h - 2 = -2*h. Let o(a) = -3*a - a**h + a + 0*a**2 + 2. Give o(-5).
-13
Let k(j) = 6*j + 1 + 3*j - j. Let o(p) = 2*p**2 - p + 2. Let u be o(2). Suppose -3*a = 4*w - u, 5*a = 2*w + w + 23. What is k(w)?
-7
Let j(t) be the first derivative of -t**3/3 + t**2/2 - 7*t - 8. What is j(0)?
-7
Suppose -q + 9 = 2*q. Suppose q + 0 = n. Suppose 6*f - n*f = 0. Let i(g) = -g + 5. Give i(f).
5
Let b(x) be the second derivative of 1/12*x**4 - x**3 + 0*x**2 + 0 - 2*x. Let s = -9 - -14. What is b(s)?
-5
Let n(j) be the third derivative of j**2 + 0*j + 0*j**3 - 1/20*j**5 + 0 + 0*j**4. Suppose 5 - 2 = 3*c. Calculate n(c).
-3
Suppose 2 = d + 3. Let j(b) be the first derivative of -1 - b - 7/2*b**2. Give j(d).
6
Let p = -545 - -540. Let b(a) = -8*a + 8*a + a**2 + 8*a + 4. Give b(p).
-11
Let v(f) = 2*f - 1. Let u be 24/(-60) + (-27)/(-5). Give v(u).
9
Let i(a) be the third derivative of a**5/60 + a**4/6 + a**3/6 - a**2. Let n = -3 - -5. Let q be ((-1)/n)/((-3)/(-30)). What is i(q)?
6
Let w be 39/(-12) - 2/(-8). Let i = 7 + w. Suppose -i*s + 0 = -4. Let t(y) = 2*y + 1. Calculate t(s).
3
Let s(y) be the second derivative of y**5/20 - y**4/3 - 5*y**3/6 - 2*y**2 - y + 13. Let f = -4 - -9. What is s(f)?
-4
Let w(m) be the third derivative of 0 - 1/24*m**4 - 2*m**2 - 1/6*m**3 + 0*m. Determine w(0).
-1
Let n(a) = -3*a - 27. Let f(s) = 2*s + 18. Let j(z) = -8*f(z) - 5*n(z). Let c = -14 + 10. Determine j(c).
-5
Suppose -16 = -5*n + n. Suppose c + 0*k + n*k = 2, -4*c - 5*k = -19. Let h(i) = -i + 